 613999
What are the prime factors of 2183083?
7, 311869
What are the prime factors of 305498?
2, 103, 1483
What are the prime factors of 2080?
2, 5, 13
What are the prime factors of 285041?
29, 9829
List the prime factors of 179904.
2, 3, 937
List the prime factors of 141462.
2, 3, 29, 271
What are the prime factors of 102169?
71, 1439
What are the prime factors of 5458255?
5, 11, 99241
List the prime factors of 15330221.
15330221
What are the prime factors of 207778?
2, 103889
What are the prime factors of 1030295?
5, 7, 29437
What are the prime factors of 367869?
3, 47, 2609
What are the prime factors of 327050?
2, 5, 31, 211
List the prime factors of 6615292.
2, 43, 38461
What are the prime factors of 9223259?
9223259
What are the prime factors of 309913?
479, 647
What are the prime factors of 1373277?
3, 17, 26927
List the prime factors of 15472611.
3, 7, 11, 83, 269
List the prime factors of 6313607.
109, 57923
List the prime factors of 8484176.
2, 530261
What are the prime factors of 45800?
2, 5, 229
What are the prime factors of 19178089?
7, 389, 7043
List the prime factors of 2144165.
5, 428833
List the prime factors of 1228889.
1228889
List the prime factors of 2742564.
2, 3, 11, 79, 263
What are the prime factors of 1075899?
3, 11, 32603
List the prime factors of 4191693.
3, 11, 37, 3433
List the prime factors of 531301.
17, 31253
What are the prime factors of 5174090?
2, 5, 421, 1229
What are the prime factors of 230337?
3, 19, 449
What are the prime factors of 4989962?
2, 2494981
List the prime factors of 8622675.
3, 5, 19, 2017
What are the prime factors of 330153?
3, 110051
List the prime factors of 227363.
227363
What are the prime factors of 788813?
788813
List the prime factors of 10255880.
2, 5, 113, 2269
What are the prime factors of 67932?
2, 3, 17, 37
What are the prime factors of 5042719?
11, 449, 1021
List the prime factors of 639112.
2, 79889
List the prime factors of 258083.
7, 23, 229
What are the prime factors of 32437?
163, 199
What are the prime factors of 147299?
147299
List the prime factors of 435052.
2, 61, 1783
What are the prime factors of 6783028?
2, 7, 157, 1543
What are the prime factors of 3532391?
107, 33013
List the prime factors of 152450.
2, 5, 3049
List the prime factors of 288775.
5, 11551
List the prime factors of 685654.
2, 131, 2617
List the prime factors of 18676652.
2, 67, 227, 307
What are the prime factors of 22672?
2, 13, 109
List the prime factors of 277920.
2, 3, 5, 193
What are the prime factors of 7611910?
2, 5, 71, 151
List the prime factors of 2485850.
2, 5, 83, 599
What are the prime factors of 13189?
11, 109
What are the prime factors of 9432273?
3, 3144091
What are the prime factors of 105739?
41, 2579
List the prime factors of 1794551.
11, 14831
What are the prime factors of 808649?
449, 1801
What are the prime factors of 150670?
2, 5, 13, 19, 61
List the prime factors of 29824772.
2, 839, 8887
List the prime factors of 495104.
2, 967
What are the prime factors of 113528?
2, 23, 617
What are the prime factors of 2417639?
7, 137, 2521
What are the prime factors of 70359?
3, 47, 499
What are the prime factors of 791720?
2, 5, 19793
List the prime factors of 160455.
3, 5, 19, 563
List the prime factors of 46570.
2, 5, 4657
List the prime factors of 3493807.
167, 20921
What are the prime factors of 165321?
3, 13, 157
What are the prime factors of 1654258?
2, 827129
List the prime factors of 4196519.
479, 8761
What are the prime factors of 296094?
2, 3, 61, 809
What are the prime factors of 6047761?
37, 149, 1097
What are the prime factors of 1805108?
2, 451277
List the prime factors of 7049329.
7, 1007047
What are the prime factors of 5351?
5351
What are the prime factors of 3033491?
149, 20359
What are the prime factors of 513142?
2, 7, 36653
List the prime factors of 405516.
2, 3, 47, 719
What are the prime factors of 346544?
2, 11, 179
What are the prime factors of 1233177?
3, 11, 37369
List the prime factors of 1212827.
7, 11, 19, 829
List the prime factors of 3893804.
2, 53, 18367
What are the prime factors of 1501?
19, 79
What are the prime factors of 140856?
2, 3, 5869
List the prime factors of 3749741.
17, 220573
List the prime factors of 1793521.
131, 13691
What are the prime factors of 146547?
3, 19, 857
What are the prime factors of 22031624?
2, 911, 3023
What are the prime factors of 502841?
502841
List the prime factors of 1213682.
2, 19, 41
What are the prime factors of 857556?
2, 3, 7, 41, 83
What are the prime factors of 1317880?
2, 5, 47, 701
What are the prime factors of 4522274?
2, 71, 31847
List the prime factors of 5226698.
2, 2613349
List the prime factors of 328532.
2, 23, 3571
List the prime factors of 1458181.
397, 3673
What are the prime factors of 242683?
7, 37, 937
List the prime factors of 5290635.
3, 5, 7, 50387
List the prime factors of 856562.
2, 7, 17, 59, 61
What are the prime factors of 2099903?
13, 161531
List the prime factors of 10335915.
3, 5, 17, 59, 229
List the prime factors of 1699139.
13, 29, 4507
What are the prime factors of 2327055?
3, 5, 155137
What are the prime factors of 50239?
7, 7177
What are the prime factors of 209782?
2, 104891
What are the prime factors of 645272?
2, 79, 1021
What are the prime factors of 360321?
3, 13, 9239
What are the prime factors of 14329148?
2, 43, 227, 367
What are the prime factors of 4514411?
11, 410401
List the prime factors of 7063671.
3, 269, 8753
What are the prime factors of 280115?
5, 11, 463
List the prime factors of 113146.
2, 11, 37, 139
What are the prime factors of 28998768?
2, 3, 23, 26267
List the prime factors of 446.
2, 223
List the prime factors of 500107.
500107
List the prime factors of 5605952.
2, 11, 7963
List the prime factors of 283430.
2, 5, 7, 4049
What are the prime factors of 341584?
2, 37, 577
List the prime factors of 377382.
2, 3, 62897
What are the prime factors of 1172985?
3, 5, 11, 7109
What are the prime factors of 16093029?
3, 103, 52081
List the prime factors of 1819249.
89, 20441
What are the prime factors of 618003?
3, 47, 487
What are the prime factors of 115845?
3, 5, 7723
What are the prime factors of 3663746?
2, 617, 2969
What are the prime factors of 358917?
3, 13, 9203
List the prime factors of 1068070.
2, 5, 29, 127
What are the prime factors of 2357072?
2, 179, 823
What are the prime factors of 6885878?
2, 23, 107, 1399
List the prime factors of 4159185.
3, 5, 277279
What are the prime factors of 5363656?
2, 670457
List the prime factors of 2115768.
2, 3, 199, 443
What are the prime factors of 17641054?
2, 809, 10903
What are the prime factors of 30802?
2, 15401
What are the prime factors of 272947?
73, 3739
List the prime factors of 194524.
2, 11, 4421
List the prime factors of 6108037.
13, 469849
What are the prime factors of 9418455?
3, 5, 209299
What are the prime factors of 26868423?
3, 59, 151799
What are the prime factors of 364032?
2, 3, 79
What are the prime factors of 7495084?
2, 1873771
What are the prime factors of 148487?
83, 1789
List the prime factors of 16092539.
16092539
What are the prime factors of 1210550?
2, 5, 11, 31, 71
List the prime factors of 91077.
3, 7, 4337
What are the prime factors of 87652?
2, 17, 1289
List the prime factors of 1112707.
1112707
List the prime factors of 143298.
2, 3, 19, 419
List the prime factors of 10005194.
2, 397, 12601
List the prime factors of 3463576.
2, 563, 769
List the prime factors of 8104.
2, 1013
List the prime factors of 16291345.
5, 7, 191, 2437
List the prime factors of 384903.
3, 42767
List the prime factors of 2583419.
2583419
List the prime factors of 216117.
3, 11, 37, 59
What are the prime factors of 221655?
3, 5, 7, 2111
List the prime factors of 2795812.
2, 19, 36787
List the prime factors of 27745133.
13, 2134241
List the prime factors of 1445773.
7, 71, 2909
List the prime factors of 33629.
33629
What are the prime factors of 92541?
3, 109, 283
What are the prime factors of 9491722?
2, 61, 77801
List the prime factors of 95924.
2, 23981
List the prime factors of 3924582.
2, 3, 23, 28439
What are the prime factors of 360832?
2, 2819
What are the prime factors of 7707233?
7707233
List the prime factors of 2426477.
23, 105499
What are the prime factors of 589458?
2, 3, 17, 5779
What a